0*a + 66*a + 126 = 3*h. Let q(u) = -u**3 + 35*u**2 - 38*u + 23. What is the hundreds digit of q(a)?
9
What is the ten thousands digit of 2 + 48/(-56) + 4778666/119?
4
Suppose -2 = 2*o - 3*a, 26*o = 21*o - 4*a + 18. Suppose o*s + 14 = 2*f, f = 3*f - 5*s + 1. What is the tens digit of f?
1
Let m = -7 - 0. Let u be (-2)/(2/1) + -97 + -1. Let q = m - u. What is the tens digit of q?
9
Suppose -x - 3476 - 3 = -p, 5*x + 13919 = 4*p. What is the hundreds digit of p?
4
Let u(p) = -55*p + 5. Let j be u(4). Let b = 43 - 104. Let h = b - j. What is the tens digit of h?
5
Let b(k) = k**3 - 24*k**2 - 26*k - 25. Let z be b(25). Let u = -212 + z. What is the units digit of u/(-8) - ((-21)/(-12) - 2)?
3
Let u = 150 - 156. Let s be u + 24960/42 - (-4)/(-14). Suppose -s = -4*p - 4*l, -p - 4*l + 155 = -7*l. What is the units digit of p?
9
Let t(i) = 7952*i**2 - 95*i + 6. What is the hundreds digit of t(-2)?
0
Suppose -b = b + b. Suppose -17*n + 5*n + 4020 = b. What is the tens digit of n?
3
Suppose 2313 = 3*r - 3*g, -4*r + 2*g + 400 = -2686. What is the hundreds digit of r?
7
Let t be 2/24*-4*-9. Suppose 2*y + 5*r = 3*y - 351, t*r - 963 = -3*y. What is the tens digit of y?
2
Let r = 431 - 426. Suppose 3*q = 0, -r*o = 2*q - 721 - 4294. What is the thousands digit of o?
1
Suppose 5 = 4*f + 321. Let y = f + 83. What is the units digit of (165 + y)*(2 - -1)/3?
9
What is the tens digit of 16771/5 + 157/(-785)?
5
What is the tens digit of (-9544 + 0)*(-33)/66?
7
What is the tens digit of 1/(-3) - 2286984/(-252)?
7
Let r(b) = 5*b**3 - 28*b**2 - 53*b - 118. What is the thousands digit of r(25)?
9
Let t(q) = -3*q**3 - 9*q**2 - 164*q - 1118. What is the units digit of t(-7)?
8
Let q = -851 + 851. What is the tens digit of (367*6 - q)/((-63)/(-42))?
6
Let s(f) be the third derivative of -7*f**6/30 + f**5/20 + f**4/8 + 5*f**3/6 + 14*f**2. Let n be s(-2). Suppose n = 6*j - 275. What is the units digit of j?
5
Suppose -10*l + 1058 = -2032. Let a = 93 + l. What is the tens digit of a?
0
Suppose 14*i - 16*i = -588. Let k = i - 98. Suppose 0*a + 2*s = -a + 200, -a + k = s. What is the tens digit of a?
9
Suppose 4*l + k - 672 = 0, 77 = 2*l + k - 257. Let g be (-4 + -1)/((-7)/(-21)). What is the hundreds digit of l - 5/(25/g)?
1
Suppose -36*u + 41*u + 3040 = 0. Let f = u + 1277. What is the hundreds digit of f?
6
Let r(u) = -2*u**2 + 275*u + 293. What is the tens digit of r(47)?
0
Let a = -255 + 218. Let m(r) = -r**2 - 71*r - 60. What is the thousands digit of m(a)?
1
Let v be (-30)/18 - (-31)/(-3). What is the units digit of 33488/24 - (-4)/v?
5
Let k be (8 - 5) + 65*-1. Let f = 46 + k. What is the units digit of 118 + (f/(-4) - -3) + -3?
2
Suppose d = -5*i + 27436, -28*i = -26*i + 5*d - 10979. What is the thousands digit of i?
5
Let i(b) = b - 16. Let g be i(19). Suppose 52 = s + g*s. Let a(l) = 20*l - 37. What is the hundreds digit of a(s)?
2
Suppose -143269 = -24*n + 627922 - 20183. What is the thousands digit of n?
1
Let x(o) = -o**2 - 22*o + 11. Let b be x(-23). Let c = 155 + b. Suppose 3*t + 8 = c. What is the tens digit of t?
4
Suppose 5*b + 2*q - 10 = 0, -3*q + 20 = -4*b + q. Let r(f) = -3*f**2 + 56*f - 19. Let v be r(18). Let k = b + v. What is the tens digit of k?
1
Let c = 73020 - 50629. What is the hundreds digit of c?
3
Suppose h - 9*r + 4*r - 19 = 0, 0 = -h - 4*r - 8. Let c(v) = v**2 + 7*v + 6. Let s be c(-6). Suppose -h*a + 51 + 21 = s. What is the tens digit of a?
1
Suppose -3*k = -4*f - 226, 4*k - 237 - 111 = -4*f. Let l = k + -78. Suppose -y + 592 = 3*r, -3*r + 4*r - 180 = l*y. What is the units digit of r?
6
Let a(p) = 485*p**2 - 6*p + 44. What is the units digit of a(5)?
9
What is the tens digit of ((-6)/5)/(535102/6155260 + 100/(-1150))?
2
Let x(z) = -z**2 - 25*z - 33. Let d be x(-16). Let g = d - 108. Suppose -v - 5*c = -2*c - 66, g*c = 0. What is the units digit of v?
6
Let c(g) = 13*g**2 + 29*g + 404. What is the units digit of c(-19)?
6
What is the units digit of (31630/(-3))/(-2) - (-20)/930*-31?
1
Let v = 882 + 1607. What is the hundreds digit of v?
4
What is the thousands digit of (((-2)/1)/1)/(-4)*51277798/533?
8
Suppose -3*v = 4*n + 752, -2*v - 3*n - 278 - 225 = 0. Let u = v + 483. What is the hundreds digit of u?
2
Let k(z) = 17*z**2 - 5*z + 20. Let s be k(4). Suppose -5*i = 3*x - 943, -941 = -5*i - 0*x - x. Let t = s - i. What is the tens digit of t?
8
Let c(s) = -47*s - 23. Let b be c(-15). Let k = -472 + b. What is the units digit of k?
0
Let w(f) = 55*f**2 - 2*f - 1. Let r be -1*(-3 + 9 + 0 + -5). What is the units digit of w(r)?
6
Suppose 2 = 5*r - 8, 0 = 5*u + 3*r + 24. Let l be ((-8)/(-3))/(u/(-18)). What is the units digit of l*((-95)/(-10) + -3)?
2
Let k(j) = 4*j**2 + 2*j - 1. Let u be k(1). Suppose -3*g + 2*z - 4 + 525 = 0, u*z = 5*g - 870. What is the tens digit of g?
7
Suppose -18*n + 21*n + 2*w = 9815, 13060 = 4*n - 4*w. Let l = n - 1605. What is the thousands digit of l?
1
What is the units digit of (1028220/180 - 1/(-2)) + 1/6?
3
Suppose 2*v = -3 + 9. Suppose 0*i - v*i - 94 = -x, 3*i + 9 = 0. Let p = -57 + x. What is the units digit of p?
8
Let l(z) = 3*z**2 + 20*z - 9. Let i be l(-7). What is the units digit of 4350/24 - i/(-8)?
1
Let y be (-187)/9 + 10/(-45). Let t = -16 - y. Suppose 5*n + 232 = 3*r, 0*n - n = -t*r + 394. What is the tens digit of r?
7
Let l = 117 - -133. Let r be 116 + 7 + -1 + 1. Let f = l - r. What is the units digit of f?
7
Let o(n) = -2*n + 15. Let q be o(-6). Suppose 2*p = -10*p + 36. Suppose p*f + 4*y = 38, 0 = 2*f + 2*y + y - q. What is the units digit of f?
6
Suppose 0 = 5*m + u - 12387, -u - 16117 = -5*m - 3724. What is the hundreds digit of m?
4
Suppose 3*a = g - 24788, a + 58944 = 4*g - 40296. What is the tens digit of g?
1
Suppose 22*q + 3390 = 32*q. Let r = q - -79. What is the units digit of r?
8
Let q(u) = -u**3 + 27*u**2 + 69*u - 51. Let b be q(27). Let y = b + -1004. What is the tens digit of y?
0
Let n(y) = y - 4. Let v be n(9). Let l(g) = 29*g - 37. Let j(d) = 144*d - 184. Let w(m) = v*j(m) - 24*l(m). What is the hundreds digit of w(8)?
1
Let m = 42182 - -4454. What is the hundreds digit of m?
6
Let g = -166 + 342. Let z be g - ((-2)/(-1))/(-2). Suppose -3*y = -3*f + z, f + 63 = 2*f + y. What is the tens digit of f?
6
Suppose -4*d = 4*n - 21916, 7*n = 2*n - 2*d + 27374. What is the units digit of n?
2
Suppose -9*w + 4342341 = 43*w + 7*w. What is the tens digit of w?
9
Suppose 3*h = 18*a - 17*a + 4, 5*a = -20. Suppose -4*l - 3*y + 613 = h, 18*l - 3*y = 19*l - 160. What is the units digit of l?
1
Suppose -4*g + 3435 = -1765. Suppose 0 = 3*y - k - g, 3*y - 3*k - k = 1294. Suppose -4*p + y = 2*q, -2*p - 3*p + 5*q = -520. What is the tens digit of p?
0
Let s be 20/(-4) - -10 - -2. Suppose -s*r = 6*r - 494. What is the tens digit of r?
3
Suppose -248*b - 414 = -250*b. Let p = b + -195. What is the units digit of p?
2
Let z = 44850 - 25544. What is the tens digit of z?
0
Let i(n) = 4*n - 46. Let h be i(11). What is the units digit of (-1)/h*(13 - -661)?
7
Let s(w) = 2*w**2 - 8*w + 5. Let d be s(4). Suppose -d*b = 4*h + 131 + 105, 3*h + 4*b + 176 = 0. Let g = h + 154. What is the units digit of g?
0
Let o(l) = 865*l**2 + 8*l + 3. Let k(q) = 433*q**2 + 4*q + 2. Let a(x) = -5*k(x) + 2*o(x). Let i be a(-1). What is the tens digit of 39 + i/135 + (-2)/(-9)?
3
Suppose 16*j + 1095 = 87. Let u = j - -517. What is the units digit of u?
4
Let x(g) = 46*g**2 - 115*g - 1197. What is the tens digit of x(-32)?
8
Suppose 2*b = 2*h + 67180, 4*b + 825*h - 823*h = 134384. What is the tens digit of b?
9
Let f be (-11)/(2/12*16/72). Let a = 645 - f. What is the hundreds digit of a?
9
Suppose 0 = 9*r + 61023 - 153489. What is the units digit of r?
4
Let b be -116 - 2/(2/3). Let o = b + 181. What is the units digit of o?
2
Let x(b) = -6*b + 64. Let g be x(11). What is the units digit of g/9*1 + 640302/351?
4
Suppose -1344536 = -83*a + 853934 - 521953. What is the thousands digit of a?
0
Suppose 4*c - 3*i = 2361, i + 766 + 1011 = 3*c. Let x = 1310 - c. What is the hundreds digit of x?
7
Let f = 0 + 16. Suppose 0 = -f*a + 5126 - 1510. What is the tens digit of a?
2
Let m = 635 + -486. Suppose -r - 301 = -2*n, 0 = 3*n - 0*n + 3*r - 465. Suppose n = i + m. What is the units digit of i?
3
Let d be ((-15)/2)/15 - 2234/4. Let b